{"id":2258,"date":"2024-12-15T14:10:11","date_gmt":"2024-12-15T12:10:11","guid":{"rendered":"https:\/\/johannakirjavainen.fi\/?page_id=2258"},"modified":"2025-02-10T10:04:46","modified_gmt":"2025-02-10T08:04:46","slug":"johanna","status":"publish","type":"page","link":"https:\/\/johannakirjavainen.fi\/?page_id=2258","title":{"rendered":"Johanna"},"content":{"rendered":"\n<div class=\"wp-block-group is-layout-flow wp-block-group-is-layout-flow\" style=\"margin-top:0;margin-bottom:0\">\n<div class=\"wp-block-group has-transparent-background-color has-background is-layout-flow wp-block-group-is-layout-flow\" style=\"padding-top:var(--wp--preset--spacing--40);padding-right:var(--wp--preset--spacing--40);padding-bottom:var(--wp--preset--spacing--40);padding-left:var(--wp--preset--spacing--40)\">\n<p>Olen syntyper\u00e4inen tamperelainen, joka tosin vietti lapsuutensa p\u00e4\u00e4osin Hollolassa, ja palasi opiskelujen my\u00f6t\u00e4 takaisin Tampereelle vuonna 2008. Rakastuin kaupunkiin heti, ja sittemmin el\u00e4m\u00e4ni onkin rakentunut kiinte\u00e4sti t\u00e4nne. Opiskelin Hervannassa teknillisess\u00e4 yliopistossa tuotantotalouden diplomi-insin\u00f6\u00f6riksi ja my\u00f6hemmin tekniikan tohtoriksi, tutustuin puolisooni, sain kaksi lasta, toimin tutkijana ja opetin tulevia diplomi-insin\u00f6\u00f6rej\u00e4, ja ty\u00f6skentelin tamperelaisissa yrityksiss\u00e4.<\/p>\n\n\n\n<p><strong>Miksi l\u00e4hdin politiikkaan?<\/strong><\/p>\n\n\n\n<p>L\u00e4hdin politiikkaan, koska olen huolissani kahdesta keskeisest\u00e4 teemasta: hyvinvointiyhteiskunnan tulevaisuudesta ja ilmastonmuutoksesta. P\u00e4\u00e4dyin Vihreisiin, koska puolue nojaa p\u00e4\u00e4t\u00f6ksiss\u00e4\u00e4n aidosti tieteeseen ja ottaa vakavasti ilmastonmuutoksen ja luontokadon vaikutukset yhteiskuntaamme. Vihreiden arvot \u2013 ihmisoikeudet, tasa-arvo, koulutus ja eriarvoisuuden torjuminen \u2013 ovat my\u00f6s minulle t\u00e4rkeit\u00e4.<\/p>\n\n\n\n<p>Olen kokenut henkil\u00f6kohtaisesti, ett\u00e4 el\u00e4m\u00e4 voi toisinaan yll\u00e4tt\u00e4\u00e4, eik\u00e4 kaikki aina suju niin kuin on suunnitellut, vaikka kuinka yritt\u00e4isi. Jouduin lukioaikoinani kiusatuksi, ja aikuisena olen kohdannut my\u00f6s synnytyksen j\u00e4lkeisen masennuksen ja ty\u00f6uupumuksen. N\u00e4m\u00e4 kokemukset ovat opettaneet minulle, ett\u00e4 jokainen meist\u00e4 voi joskus joutua tilanteeseen, jossa ei p\u00e4rj\u00e4\u00e4 omin avuin, ja t\u00e4ll\u00f6in hyvinvointiyhteiskunnan kuuluu ottaa koppia. Avun saaminen oikeaan aikaan ehk\u00e4isee inhimillist\u00e4 k\u00e4rsimyst\u00e4 ja auttaa ihmisi\u00e4 p\u00e4\u00e4sem\u00e4\u00e4n nopeammin takaisin omille jaloilleen.<\/p>\n\n\n\n<p><strong>Kokemus ja asiantuntijuus<br><\/strong><br>Opiskeluaikana olin aktiivinen kiltatoiminnassa, ja opinnoissa keskityin erityisesti teknologia- ja innovaatiojohtamiseen, johon liittyen tein kandity\u00f6ni, diplomity\u00f6ni ja lopulta my\u00f6s v\u00e4it\u00f6skirjani. Opetuksessa keskityin erityisesti tulevaisuuden ennakointiin, teknologiastrategiaan ja innovaatiojohtamiseen. Ty\u00f6skentelin opintojen ohessa niin yrityksiss\u00e4 kuin yliopistollakin. Kolmannen polven insin\u00f6\u00f6rin\u00e4 ja yritt\u00e4j\u00e4perheen kasvattina olen ollut mukana perheeni valmistavan teollisuuden pk-yrityksen hallituksessa l\u00e4hes vuosikymmenen. Suoritin t\u00e4h\u00e4n liittyen my\u00f6s Kauppakamarin Hyv\u00e4ksytty Hallituksen J\u00e4sen (HHJ) -tutkinnon.<\/p>\n<\/div>\n<\/div>\n\n\n\n<div class=\"wp-block-group is-layout-flow wp-block-group-is-layout-flow\" style=\"margin-top:0;margin-bottom:0\">\n<div class=\"wp-block-group has-transparent-background-color has-background is-layout-flow wp-block-group-is-layout-flow\" style=\"padding-top:var(--wp--preset--spacing--40);padding-right:var(--wp--preset--spacing--40);padding-bottom:var(--wp--preset--spacing--40);padding-left:var(--wp--preset--spacing--40)\">\n<h2 class=\"wp-block-heading\"><strong>Ansioluetteloni<\/strong><\/h2>\n\n\n\n<h3 class=\"wp-block-heading\"><strong>Koulutus<\/strong><\/h3>\n\n\n\n<ul class=\"wp-block-list\">\n<li>Tekniikan tohtori (TkT), tuotantotalous, keskittyen teknologia- ja innovaatiojohtamiseen, kiitt\u00e4en hyv\u00e4ksytty, Tampereen yliopisto, 2020&nbsp;<\/li>\n\n\n\n<li>Diplomi-insin\u00f6\u00f6ri, tuotantotalous, Tampereen teknillinen yliopisto (TTY), 2013&nbsp;<\/li>\n\n\n\n<li>HHJ &#8211; Hyv\u00e4ksytty Hallituksen J\u00e4sen, Tampereen kauppakamari, 2018&nbsp;<\/li>\n\n\n\n<li>Yhteiskuntatutkimuksen opintoja, 20 op, Tampereen yliopisto<\/li>\n\n\n\n<li>Vaihto-opiskelija, Grenoble INP, Ranska, 2012&nbsp;<\/li>\n\n\n\n<li>Yliopistopedagogiikan sivuaine, 25op, Tampereen yliopisto, 2021<\/li>\n\n\n\n<li>Musiikkiopistotason perustutkinto, pianonsoitto, Lahden konservatorio, 2004<\/li>\n<\/ul>\n\n\n\n<h3 class=\"wp-block-heading\"><strong>Ty\u00f6kokemus<\/strong><\/h3>\n\n\n\n<ul class=\"wp-block-list\">\n<li>Palvelup\u00e4\u00e4llikk\u00f6, Luotain Consulting Oy, 11\/2024\u2013&nbsp;<\/li>\n\n\n\n<li>Liiketoimintakonsultti, ennakointi ja innovaatiot, Leading Partners Oy, 04\/2023\u2013<\/li>\n\n\n\n<li>Hallituksen j\u00e4sen, Kari-Finn Oy, 07\/2015\u2013&nbsp;<\/li>\n\n\n\n<li>Kehitt\u00e4misasiantuntija, Arenso Oy &amp; Suomen Hy\u00f6tytuuli Oy, 04\/2023\u201312\/2024&nbsp;<\/li>\n\n\n\n<li>Analyytikko, ekosysteemikehitys ja ennakointi, Business Tampere Oy, 01\/2022\u201303\/2023&nbsp;<\/li>\n\n\n\n<li>Tutkijatohtori (strateginen teknologiajohtaminen), Tampereen yliopisto, 08\/2020\u201308\/2022&nbsp;<\/li>\n\n\n\n<li>V\u00e4it\u00f6skirjatutkija, Tampereen teknillinen yliopisto, 07\/2014\u201307\/2020&nbsp;<\/li>\n\n\n\n<li>Projektitutkija, Sandvik Mining and Construction Oy, 09\/2013\u201307\/2014\u00a0<\/li>\n\n\n\n<li>Diplomity\u00f6ntekij\u00e4, Sandvik Mining and Construction Oy, 01\/2013\u201309\/2013&nbsp;<\/li>\n\n\n\n<li>Tutkimusapulainen, Tampereen teknillinen yliopisto, 01\/2012\u201312\/2012&nbsp;<\/li>\n\n\n\n<li>Luotettavuusinsin\u00f6\u00f6riharjoittelija, Konecranes Oyj, 05\/2011\u201301\/2012&nbsp;<\/li>\n<\/ul>\n\n\n\n<h3 class=\"wp-block-heading\"><strong>Vapaaehtoisty\u00f6<\/strong><\/h3>\n\n\n\n<ul class=\"wp-block-list\">\n<li>Sekasin-chatin lasten ja nuorten tukihenkil\u00f6, Mieli ry, 05\/2024\u201309\/2024&nbsp;<\/li>\n\n\n\n<li>Vapaaehtoinen, Maahanmuuttaja\u00e4idille yst\u00e4v\u00e4 -toiminta, Mannerheimin Lastensuojeluliitto, 11\/2016\u201312\/2017&nbsp;<\/li>\n\n\n\n<li>Tapahtumaj\u00e4rjest\u00e4j\u00e4, Mothers in Business MiB ry, 08\/2019\u201308\/2020&nbsp;<\/li>\n\n\n\n<li>Opiskelijatutor, TTY, 08\/2009\u201307\/2010&nbsp;<\/li>\n<\/ul>\n\n\n\n<h3 class=\"wp-block-heading\"><strong>Luottamusteht\u00e4v\u00e4t&nbsp;<\/strong><\/h3>\n\n\n\n<ul class=\"wp-block-list\">\n<li>Opettajatutor, Tampereen yliopisto, 08\/2019\u201307\/2020<\/li>\n\n\n\n<li>Konsistorin opiskelijaedustaja, TTY, 2017<\/li>\n\n\n\n<li>Tampere3-yliopistofuusion jatko-opintoty\u00f6ryhm\u00e4n opiskelijaedustaja, 2018<\/li>\n\n\n\n<li>P\u00e4\u00e4toimittaja, kiltalehti Infacto, Tuotantotalouden kilta Indecs, TTY, 2011<\/li>\n\n\n\n<li>Toimihenkil\u00f6, kansainv\u00e4liset asiat, Tuotantotalouden kilta Indecs, TTY, 2010<\/li>\n\n\n\n<li>Tapahtumap\u00e4\u00e4llikk\u00f6, European Students of Industrial Engineering and Management, 2010-2011\u00a0<\/li>\n<\/ul>\n\n\n\n<h3 class=\"wp-block-heading\"><strong>Kielitaito<\/strong><\/h3>\n\n\n\n<ul class=\"wp-block-list\">\n<li>Suomi, \u00e4idinkieli<\/li>\n\n\n\n<li>Englanti, erinomainen<\/li>\n\n\n\n<li>Ruotsi, kohtalainen<\/li>\n\n\n\n<li>Ranska, kohtalainen<\/li>\n<\/ul>\n<\/div>\n<\/div>\n","protected":false},"excerpt":{"rendered":"<p>Olen syntyper\u00e4inen tamperelainen, joka tosin vietti lapsuutensa p\u00e4\u00e4osin Hollolassa, ja palasi opiskelujen my\u00f6t\u00e4 takaisin Tampereelle vuonna 2008. Rakastuin kaupunkiin heti, ja sittemmin el\u00e4m\u00e4ni onkin rakentunut kiinte\u00e4sti t\u00e4nne. Opiskelin Hervannassa teknillisess\u00e4 yliopistossa tuotantotalouden diplomi-insin\u00f6\u00f6riksi ja my\u00f6hemmin tekniikan tohtoriksi, tutustuin puolisooni, sain kaksi lasta, toimin tutkijana ja opetin tulevia diplomi-insin\u00f6\u00f6rej\u00e4, ja ty\u00f6skentelin tamperelaisissa yrityksiss\u00e4. Miksi l\u00e4hdin politiikkaan?&hellip;<\/p>\n","protected":false},"author":11,"featured_media":2182,"parent":0,"menu_order":0,"comment_status":"closed","ping_status":"closed","template":"wp-custom-template-sivu-harmaalla-taustalla","meta":{"footnotes":""},"class_list":["post-2258","page","type-page","status-publish","has-post-thumbnail","hentry"],"_links":{"self":[{"href":"https:\/\/johannakirjavainen.fi\/index.php?rest_route=\/wp\/v2\/pages\/2258","targetHints":{"allow":["GET"]}}],"collection":[{"href":"https:\/\/johannakirjavainen.fi\/index.php?rest_route=\/wp\/v2\/pages"}],"about":[{"href":"https:\/\/johannakirjavainen.fi\/index.php?rest_route=\/wp\/v2\/types\/page"}],"author":[{"embeddable":true,"href":"https:\/\/johannakirjavainen.fi\/index.php?rest_route=\/wp\/v2\/users\/11"}],"replies":[{"embeddable":true,"href":"https:\/\/johannakirjavainen.fi\/index.php?rest_route=%2Fwp%2Fv2%2Fcomments&post=2258"}],"version-history":[{"count":2,"href":"https:\/\/johannakirjavainen.fi\/index.php?rest_route=\/wp\/v2\/pages\/2258\/revisions"}],"predecessor-version":[{"id":2626,"href":"https:\/\/johannakirjavainen.fi\/index.php?rest_route=\/wp\/v2\/pages\/2258\/revisions\/2626"}],"wp:featuredmedia":[{"embeddable":true,"href":"https:\/\/johannakirjavainen.fi\/index.php?rest_route=\/wp\/v2\/media\/2182"}],"wp:attachment":[{"href":"https:\/\/johannakirjavainen.fi\/index.php?rest_route=%2Fwp%2Fv2%2Fmedia&parent=2258"}],"curies":[{"name":"wp","href":"https:\/\/api.w.org\/{rel}","templated":true}]}}

<div class="wp-block-group is-layout-flow wp-block-group-is-layout-flow" style="margin-top:0;margin-bottom:0">
<div class="wp-block-group has-transparent-background-color has-background is-layout-flow wp-block-group-is-layout-flow" style="padding-top:var(--wp--preset--spacing--40);padding-right:var(--wp--preset--spacing--40);padding-bottom:var(--wp--preset--spacing--40);padding-left:var(--wp--preset--spacing--40)">
<p>Olen syntyperäinen tamperelainen, joka tosin vietti lapsuutensa pääosin Hollolassa, ja palasi opiskelujen myötä takaisin Tampereelle vuonna 2008. Rakastuin kaupunkiin heti, ja sittemmin elämäni onkin rakentunut kiinteästi tänne. Opiskelin Hervannassa teknillisessä yliopistossa tuotantotalouden diplomi-insinööriksi ja myöhemmin tekniikan tohtoriksi, tutustuin puolisooni, sain kaksi lasta, toimin tutkijana ja opetin tulevia diplomi-insinöörejä, ja työskentelin tamperelaisissa yrityksissä.</p>



<p><strong>Miksi lähdin politiikkaan?</strong></p>



<p>Lähdin politiikkaan, koska olen huolissani kahdesta keskeisestä teemasta: hyvinvointiyhteiskunnan tulevaisuudesta ja ilmastonmuutoksesta. Päädyin Vihreisiin, koska puolue nojaa päätöksissään aidosti tieteeseen ja ottaa vakavasti ilmastonmuutoksen ja luontokadon vaikutukset yhteiskuntaamme. Vihreiden arvot – ihmisoikeudet, tasa-arvo, koulutus ja eriarvoisuuden torjuminen – ovat myös minulle tärkeitä.</p>



<p>Olen kokenut henkilökohtaisesti, että elämä voi toisinaan yllättää, eikä kaikki aina suju niin kuin on suunnitellut, vaikka kuinka yrittäisi. Jouduin lukioaikoinani kiusatuksi, ja aikuisena olen kohdannut myös synnytyksen jälkeisen masennuksen ja työuupumuksen. Nämä kokemukset ovat opettaneet minulle, että jokainen meistä voi joskus joutua tilanteeseen, jossa ei pärjää omin avuin, ja tällöin hyvinvointiyhteiskunnan kuuluu ottaa koppia. Avun saaminen oikeaan aikaan ehkäisee inhimillistä kärsimystä ja auttaa ihmisiä pääsemään nopeammin takaisin omille jaloilleen.</p>



<p><strong>Kokemus ja asiantuntijuus<br></strong><br>Opiskeluaikana olin aktiivinen kiltatoiminnassa, ja opinnoissa keskityin erityisesti teknologia- ja innovaatiojohtamiseen, johon liittyen tein kandityöni, diplomityöni ja lopulta myös väitöskirjani. Opetuksessa keskityin erityisesti tulevaisuuden ennakointiin, teknologiastrategiaan ja innovaatiojohtamiseen. Työskentelin opintojen ohessa niin yrityksissä kuin yliopistollakin. Kolmannen polven insinöörinä ja yrittäjäperheen kasvattina olen ollut mukana perheeni valmistavan teollisuuden pk-yrityksen hallituksessa lähes vuosikymmenen. Suoritin tähän liittyen myös Kauppakamarin Hyväksytty Hallituksen Jäsen (HHJ) -tutkinnon.</p>
</div>
</div>



<div class="wp-block-group is-layout-flow wp-block-group-is-layout-flow" style="margin-top:0;margin-bottom:0">
<div class="wp-block-group has-transparent-background-color has-background is-layout-flow wp-block-group-is-layout-flow" style="padding-top:var(--wp--preset--spacing--40);padding-right:var(--wp--preset--spacing--40);padding-bottom:var(--wp--preset--spacing--40);padding-left:var(--wp--preset--spacing--40)">
<h2 class="wp-block-heading"><strong>Ansioluetteloni</strong></h2>



<h3 class="wp-block-heading"><strong>Koulutus</strong></h3>



<ul class="wp-block-list">
<li>Tekniikan tohtori (TkT), tuotantotalous, keskittyen teknologia- ja innovaatiojohtamiseen, kiittäen hyväksytty, Tampereen yliopisto, 2020&nbsp;</li>



<li>Diplomi-insinööri, tuotantotalous, Tampereen teknillinen yliopisto (TTY), 2013&nbsp;</li>



<li>HHJ &#8211; Hyväksytty Hallituksen Jäsen, Tampereen kauppakamari, 2018&nbsp;</li>



<li>Yhteiskuntatutkimuksen opintoja, 20 op, Tampereen yliopisto</li>



<li>Vaihto-opiskelija, Grenoble INP, Ranska, 2012&nbsp;</li>



<li>Yliopistopedagogiikan sivuaine, 25op, Tampereen yliopisto, 2021</li>



<li>Musiikkiopistotason perustutkinto, pianonsoitto, Lahden konservatorio, 2004</li>
</ul>



<h3 class="wp-block-heading"><strong>Työkokemus</strong></h3>



<ul class="wp-block-list">
<li>Palvelupäällikkö, Luotain Consulting Oy, 11/2024–&nbsp;</li>



<li>Liiketoimintakonsultti, ennakointi ja innovaatiot, Leading Partners Oy, 04/2023–</li>



<li>Hallituksen jäsen, Kari-Finn Oy, 07/2015–&nbsp;</li>



<li>Kehittämisasiantuntija, Arenso Oy &amp; Suomen Hyötytuuli Oy, 04/2023–12/2024&nbsp;</li>



<li>Analyytikko, ekosysteemikehitys ja ennakointi, Business Tampere Oy, 01/2022–03/2023&nbsp;</li>



<li>Tutkijatohtori (strateginen teknologiajohtaminen), Tampereen yliopisto, 08/2020–08/2022&nbsp;</li>



<li>Väitöskirjatutkija, Tampereen teknillinen yliopisto, 07/2014–07/2020&nbsp;</li>



<li>Projektitutkija, Sandvik Mining and Construction Oy, 09/2013–07/2014 </li>



<li>Diplomityöntekijä, Sandvik Mining and Construction Oy, 01/2013–09/2013&nbsp;</li>



<li>Tutkimusapulainen, Tampereen teknillinen yliopisto, 01/2012–12/2012&nbsp;</li>



<li>Luotettavuusinsinööriharjoittelija, Konecranes Oyj, 05/2011–01/2012&nbsp;</li>
</ul>



<h3 class="wp-block-heading"><strong>Vapaaehtoistyö</strong></h3>



<ul class="wp-block-list">
<li>Sekasin-chatin lasten ja nuorten tukihenkilö, Mieli ry, 05/2024–09/2024&nbsp;</li>



<li>Vapaaehtoinen, Maahanmuuttajaäidille ystävä -toiminta, Mannerheimin Lastensuojeluliitto, 11/2016–12/2017&nbsp;</li>



<li>Tapahtumajärjestäjä, Mothers in Business MiB ry, 08/2019–08/2020&nbsp;</li>



<li>Opiskelijatutor, TTY, 08/2009–07/2010&nbsp;</li>
</ul>



<h3 class="wp-block-heading"><strong>Luottamustehtävät&nbsp;</strong></h3>



<ul class="wp-block-list">
<li>Opettajatutor, Tampereen yliopisto, 08/2019–07/2020</li>



<li>Konsistorin opiskelijaedustaja, TTY, 2017</li>



<li>Tampere3-yliopistofuusion jatko-opintotyöryhmän opiskelijaedustaja, 2018</li>



<li>Päätoimittaja, kiltalehti Infacto, Tuotantotalouden kilta Indecs, TTY, 2011</li>



<li>Toimihenkilö, kansainväliset asiat, Tuotantotalouden kilta Indecs, TTY, 2010</li>



<li>Tapahtumapäällikkö, European Students of Industrial Engineering and Management, 2010-2011 </li>
</ul>



<h3 class="wp-block-heading"><strong>Kielitaito</strong></h3>



<ul class="wp-block-list">
<li>Suomi, äidinkieli</li>



<li>Englanti, erinomainen</li>



<li>Ruotsi, kohtalainen</li>



<li>Ranska, kohtalainen</li>
</ul>
</div>
</div>

<p>Olen syntyperäinen tamperelainen, joka tosin vietti lapsuutensa pääosin Hollolassa, ja palasi opiskelujen myötä takaisin Tampereelle vuonna 2008. Rakastuin kaupunkiin heti, ja sittemmin elämäni onkin rakentunut kiinteästi tänne. Opiskelin Hervannassa teknillisessä yliopistossa tuotantotalouden diplomi-insinööriksi ja myöhemmin tekniikan tohtoriksi, tutustuin puolisooni, sain kaksi lasta, toimin tutkijana ja opetin tulevia diplomi-insinöörejä, ja työskentelin tamperelaisissa yrityksissä. Miksi lähdin politiikkaan?&hellip;</p>
